s divided by (-24)/16*(-76)/6?
17
Let a(f) = 2*f. What is the remainder when a(9) is divided by 5?
3
Let b = 85 + -69. What is the remainder when 57 is divided by b?
9
Suppose -85 = -2*x + 15. Let l be 202/6 - 5/(-15). Suppose -2*q + l = -0. Calculate the remainder when x is divided by q.
16
Let y = -474 + 878. Suppose 4*a + 128 = y. Suppose -3*v + 7 + 139 = 4*g, 2*v - 3*g - a = 0. Calculate the remainder when v is divided by 22.
20
Let g = 18 - -52. Calculate the remainder when g is divided by 9.
7
Let x = 6 + 6. Calculate the remainder when 46 is divided by x.
10
Let b(o) = -o + 2. Let l be b(7). Calculate the remainder when (-20)/(-1) + 4 + l is divided by 10.
9
What is the remainder when 66 is divided by (-4)/(-26) + 657/39?
15
Let w be 50/12 + 8/(-48). Suppose -w*o + 165 = o. Calculate the remainder when o is divided by 18.
15
Let q = 2 + 9. Let r be (-1 - q)*(-6)/9. Suppose -5 = -m + r. What is the remainder when 24 is divided by m?
11
Suppose -5*t + 262 = 4*g, 3*t - 5*g - 147 = -4*g. Let j = -9 + t. What is the remainder when j is divided by 22?
19
Let q = -1 - -34. Suppose 4*o + 12 = 5*o. Calculate the remainder when q is divided by o.
9
Let n(l) = -l - l**2 - 5*l + 1 + 10 - 2*l. Calculate the remainder when n(-9) is divided by 2.
0
Let r = 94 - 52. Calculate the remainder when 166 is divided by r.
40
Suppose -9*r + 7*r - 12 = 0. Calculate the remainder when 4/r*279/(-6) is divided by 2/((6/11)/3).
9
Let b(t) = 23*t**3 + 1. Suppose -6*x = -3*x + 3*w - 9, 5*x + 5 = 5*w. What is the remainder when b(x) is divided by 13?
11
Suppose 2 = -2*c - 4*i, 0*c - 34 = -5*c + 3*i. Suppose 10 = c*x - 5. Let t(d) = d**2 + 3*d - 1. What is the remainder when 32 is divided by t(x)?
15
Suppose 7*v - 156 = -5*v. What is the remainder when 22 is divided by v?
9
Let k = 0 + 7. Suppose -k*w = -3*w - 28. What is the remainder when 12 is divided by w?
5
Let z(v) = -v**2 - 21*v + 19. What is the remainder when 111 is divided by z(-21)?
16
Suppose -3*n - 13 = -2*y, -n - n - 2 = 0. What is the remainder when 18 is divided by y?
3
Let j(y) = -4*y. Let c be j(2). Let a = c - 6. Let t = 40 + a. What is the remainder when t is divided by 9?
8
Suppose 19 = -h + 3. What is the remainder when (165/(-44))/(6/h) is divided by 7?
3
Let k be -9*2/9*-3. Suppose n - k*n - 5*a + 215 = 0, -4*n + 4*a = -156. Let z(q) = -q**3 + 6*q**2 - 4*q + 5. What is the remainder when n is divided by z(4)?
20
Let v(t) = -2*t - 1. Let q be v(-1). Calculate the remainder when ((-1)/3)/(q/(-24)) is divided by 3.
2
Let r(w) = 2*w**2. Calculate the remainder when r(7) is divided by 11.
10
Let a(r) be the first derivative of r**2/2 + 14*r - 6. Let v be (-1 + 1)*(-2)/4. What is the remainder when 26 is divided by a(v)?
12
Let b = -34 + 61. Let n = b + -10. What is the remainder when 50 is divided by n?
16
Suppose 9 = 2*u - 65. Let l(d) = -d**2 - 11*d - 7. Let c be l(-9). Suppose -4*a - c = -91. Calculate the remainder when u is divided by a.
17
Suppose q = 2*v - 9, -q + 2*q = -5*v + 26. Let b(p) = -p**3 + 6*p**2 - 3*p - 6. Suppose 0*r = r - 11. What is the remainder when r is divided by b(v)?
3
Let p(g) = g. Let l(o) = -o - 5. Let r be l(-8). Suppose -i + r*i = 8. Calculate the remainder when p(i) is divided by 3.
1
Suppose 2*k + 157 + 67 = 0. What is the remainder when ((-3)/2)/(6/k) is divided by 10?
8
Suppose 4*m + 0*m = 36. What is the remainder when m/(-15) + 159/15 is divided by 6?
4
Suppose 0 = -5*z - 3*t + 2580, 3*z + t - 148 = 1400. Let m(s) = 2*s**2 + 3*s + 3. Calculate the remainder when 2/(-5) - z/(-15) is divided by m(-3).
10
Let a(y) = 3*y - 38. What is the remainder when a(28) is divided by 25?
21
Calculate the remainder when -2 + 25 + -8 + 2 is divided by 3.
2
Suppose 144 - 180 = -6*x. Let w(l) = -l**2 - 7*l + 7. What is the remainder when w(-5) is divided by x?
5
Let m(f) be the third derivative of f**6/120 - f**5/60 - f**4/24 + f**2. Let o be m(-1). Calculate the remainder when 39 is divided by 5/(-2)*8*o.
19
Suppose -2*m - 99 + 29 = -4*u, -5*u - 4*m = -55. Calculate the remainder when 74 is divided by u.
14
Suppose 0 = -101*q + 106*q - 25. Calculate the remainder when q is divided by 3.
2
Let f be -3*(-1)/1*1. What is the remainder when 31 is divided by 0 - -3 - f - -8?
7
Let y = -54 + 59. Let f = 8 - -11. Calculate the remainder when f is divided by y.
4
Let m be 12/16*(-1 - (-11)/3). Suppose 4*b - 23 - 25 = 0. Suppose -m*u = -12 - b. What is the remainder when 22 is divided by u?
10
Let z(l) be the third derivative of l**5/60 - l**4/6 - 4*l**3/3 + 3*l**2. What is the remainder when 24 is divided by z(7)?
11
Suppose -2*n - s = -17 - 1, -4*n + 3*s = -36. What is the remainder when 2 - 1 - (-16 + 1) is divided by n?
7
Let g be -3 + 1 - 27/(-1). Suppose l = -2, -3*o = 2*o + 5*l - g. Calculate the remainder when 25 is divided by o.
4
Let v(n) = n**2 - n - 6. Calculate the remainder when 1209/65*(-5)/(-1) is divided by v(-5).
21
Let p(c) = 6*c**2 + 5*c + 3. What is the remainder when p(-3) is divided by 11?
9
Suppose -2*w + 11 = -5. Calculate the remainder when w is divided by 0 + -1 + 6 - 2.
2
Suppose -3*i + 4 = -5. Suppose -5*q + 16 = 2*h - 8*q, -3 = h + 4*q. Calculate the remainder when h is divided by i.
2
Let j be ((-2)/4)/(2/(-4)). Let h = 11 + j. What is the remainder when 46 is divided by h?
10
Let a = 5 + -2. Suppose 8*t - 9*t = -7. Calculate the remainder when t is divided by a.
1
Let c(j) = j**2 - 4*j + 1. Let f be c(3). Let l be (-11 - -1)*(-1)/2. Let z = f + l. What is the remainder when 4 is divided by z?
1
Let d(k) = -k**2 - 7*k - 8. Suppose -5*g - 5*p - 12 = -g, -3*g + 14 = -2*p. Calculate the remainder when g is divided by d(-5).
0
Let l = -48 - -74. Calculate the remainder when l is divided by 9.
8
Let l be (-5)/(1 + 18/(-15)). Let m = -20 + 12. Let w = m + l. What is the remainder when w is divided by 5?
2
Suppose 2 = d - 0. Suppose -2*a = 2*k - 68, 2*k + d*k - 106 = 2*a. Calculate the remainder when k is divided by 16.
13
Suppose 0 = -3*w - 4*v - 4, -w + 4*w - 2 = 2*v. Suppose 2*i + 4*l = 72, -3*i - 5*l + 62 + 42 = w. What is the remainder when i is divided by 10?
8
Let f be (0 + -3)*16/(-24). Suppose -4*x - 2*y + 98 = -f*x, y + 51 = x. What is the remainder when x is divided by 17?
16
Let t = 11 - 8. Let w be t + -2 - (0 + 2). What is the remainder when 10 is divided by -2*1/(w/3)?
4
Let o be 26/(-39) - (-20)/(-6). What is the remainder when ((-2)/o)/((-1)/(-154)) is divided by 20?
17
Let f = 0 + 21. What is the remainder when 102 is divided by f?
18
Let w(k) = 3*k**2 + 9*k - 8. Let n(s) = s**2 + s. Let x(q) = 4*n(q) - w(q). Let r = -14 - -22. What is the remainder when x(6) is divided by r?
6
Let f(a) = 7*a - 5. Let s(i) = 6*i - 5. Let b(l) = -4*f(l) + 5*s(l). Calculate the remainder when 12 + 1 + -1 - 1 is divided by b(4).
2
Let i = 22 + -2. Let l(h) be the third derivative of -h**6/120 + h**5/30 - h**4/8 + 2*h**3/3 - h**2. What is the remainder when l(-3) is divided by i?
18
Suppose -4*p = -2*p + s - 14, 0 = -p + s + 4. Calculate the remainder when 34 is divided by p.
4
Let v = 5 - 5. Suppose -c - c + 6 = v. What is the remainder when 8 is divided by c?
2
Suppose 26 = 4*a - 2*g, 0 = 4*g - 13 + 1. Let f = a + -3. Calculate the remainder when f is divided by 4.
1
Let n = 6 - 2. Suppose n*f - 28 = 2*f. Calculate the remainder when 1*-25*(2 + -3) is divided by f.
11
Let u(v) = -v**2 + 4*v + 5. Let r be u(5). Let n(l) = -l + 15. What is the remainder when 28 is divided by n(r)?
13
Let p = -208 - -270. What is the remainder when p is divided by 13?
10
Let s = 37 - 20. What is the remainder when 32 is divided by s?
15
What is the remainder when 141 is divided by -1 + (3 - (-23 + -4))?
25
Suppose 0 = d - 8 + 2. What is the remainder when d is divided by (-4)/(-16) - (-7)/4?
0
Let h(u) = u**3 - 4*u**2. What is the remainder when h(5) is divided by 13?
12
Let r(n) = 5*n - 28. What is the remainder when r(9) is divided by 7?
3
Suppose 0*k + 4*k - 36 = 0. What is the remainder when 17 is divided by k?
8
Let t(s) = -11*s - 5. Let f = -8 - -15. What is the remainder when t(-2) is divided by f?
3
Suppose -4*d + b + 69 = 0, 0 = -4*d + 2*d - 3*b + 31. Suppose 0 = 6*f - 2*f - 188. Suppose 143 - f = 3*p. What is the remainder when p is divided by d?
15
Let k = -19 + -41. Let